 Is 10/l*7402 - (-4)/22 a composite number?
True
Suppose o + 4*l + 393 = 10653, 4*o + 2*l - 41054 = 0. Suppose 0 = -22*m + o + 4498. Is m prime?
False
Is 43 - -8140 - (0 - 3 - -7) a prime number?
True
Suppose 5*y + 3*z + 21 = 6, -5*z = -5*y + 25. Suppose y = 2*d - 734 + 2842. Let t = d + 2039. Is t prime?
False
Suppose -5*f + 42 = -3*c, f + c = -0*f + 2. Suppose -283 = f*u - 42181. Is u prime?
True
Let z(l) = -3*l + 3. Let v be z(4). Let j be (-1)/(1/(v/(-3))). Is ((-2162)/j)/(22/33) a prime number?
False
Suppose 4*g = -17 + 29. Suppose 0 = -3*f + 5*r + 4005 + 7782, -4*r = -g*f + 11790. Suppose 9*h - 2753 = f. Is h a composite number?
False
Let f = 435144 - 113093. Is f a prime number?
True
Let h(s) = -s**3 - 5*s**2 - s - 3. Let p be h(-5). Let j be 1 - ((-1 - p) + -26804). Suppose -10*n = 2*n - j. Is n prime?
False
Suppose -43960*q = -43968*q + 189928. Is q composite?
False
Is (30 - 27)/(3/67352*4) composite?
True
Suppose 4*l + 3*c = -141815 + 600102, -4*l - 6*c = -458290. Is l composite?
False
Suppose -3991711 = -139*g + 1155598. Is g a composite number?
True
Let m(y) = -y**3 + 6*y**2 - 3*y - 4. Let v be m(5). Let j be (12 - 840/75) + (-86313)/(-15). Suppose -v*k - j = -11*k. Is k composite?
False
Let f(t) = -1313*t - 673. Is f(-60) a composite number?
True
Let t(i) = 3*i**2 - 52*i - 10. Let l be t(18). Suppose -l*n + 20274 + 11368 = 0. Is n a composite number?
False
Let b be (-2 - 0) + 6 + 8. Suppose 0*w - b*w = -101004. Is w a prime number?
False
Suppose 0 = 4*z + 2*m + 1406, -2*z - 334 = -z - 3*m. Let c = z - 364. Let a = 384 - c. Is a a prime number?
True
Let k(h) = -16972*h + 1287. Is k(-23) composite?
True
Suppose 21*i + 15*i = -108. Is (2953*-1)/((-112)/(-40) + i) a composite number?
True
Let w = -3445 + 1456. Let f = w - -3202. Is f prime?
True
Let k be (-22)/(-88) + 97678/8. Let x = k - -1777. Is x a prime number?
False
Suppose 3*j + 44146 = s, 77418 + 10880 = 2*s - 4*j. Is s a prime number?
False
Let z be (4/6 + 0)/((-59)/(-177)). Suppose 78645 = 2*w - 0*w - 5*d, -z*d = -4*w + 157330. Is w composite?
True
Suppose -12*f + 31008 = 4*f. Suppose 23*t - 2*o - 2421 = 18*t, -4*t + o = -f. Is t composite?
True
Suppose -511*k + 28935059 + 6348980 = 0. Is k a composite number?
True
Let m be ((-106)/(-265))/(1 - 74938/74940). Suppose 10*a = -2*a + m. Is a composite?
False
Suppose l - 133 = 77. Let v be 8375 + -6 - 0 - -7. Suppose -6*o - l = -v. Is o composite?
False
Let v(f) = -f + 14. Let c be v(12). Suppose -w = -w + c*w. Suppose -j - r + 111 = w, -7*j + 456 = -3*j - 2*r. Is j a composite number?
False
Let b(p) = p**3 - 27*p**2 - 13*p + 10. Let a(i) = -i + 1. Let x(t) = 2*a(t) - b(t). Is x(25) prime?
False
Let p(q) = -5*q**3 - q + 9*q**2 + 23 - 14*q**2 + 0*q**2 + 11*q**2. Is p(-7) a prime number?
True
Suppose 5*w + 2*h - 15184 = 40964, 4*w - 4*h - 44896 = 0. Suppose 10*i + 2338 = w. Is i a composite number?
True
Let v(j) = 53*j**2 - 93*j + 125*j + 16 - 50*j**2. Is v(-15) a prime number?
True
Suppose 0 = -3*u + f + 2786363, 2335429 + 450942 = 3*u - 5*f. Is u a composite number?
False
Suppose -3*n - 67*s + 65*s + 1125423 = 0, 1875737 = 5*n - 2*s. Is n a composite number?
True
Is (3/18*-9406)/((-49574)/2478 + 20) a composite number?
True
Suppose 0 = 13*z + 10*z. Suppose t = 2*p + 7395, -5*t + z*p - p = -37019. Is t composite?
True
Suppose -6 = -26*o + 23*o. Suppose -4*g = 3*b - 5*g - 113, -o*b + 70 = -2*g. Suppose 0 = 37*t - b*t + 74. Is t prime?
True
Suppose a = -4*i + 28, 0 = -a + i - 3*i + 18. Let o be (1*20)/(a/(-16)). Let f = o - -123. Is f prime?
True
Suppose 13*z - 33*z + 534749 = -1689111. Is z a prime number?
False
Let g(x) = -2*x**3 - 74*x**2 - 14*x + 271. Is g(-38) a composite number?
False
Let y be (0 - 1413)*3/(-9). Suppose -3*c + y = -318. Is c a prime number?
True
Suppose -4*g + 18398 = -c, 3*g - 10206 = -c + 3589. Suppose -2*y = 5*o - g, -3*o + 4601 = -3*y + 5*y. Is y a composite number?
True
Let t(o) = -59691*o - 80. Is t(-1) composite?
False
Suppose -h + 282 = 3*z, -617 + 56 = -2*h - 3*z. Suppose h = 2*r - 1373. Suppose -1403 = -3*l + r. Is l a prime number?
True
Let x = -46 + 26. Let c = -20 - x. Suppose c = 4*i - 16, m - 4*i - 767 - 368 = 0. Is m a prime number?
True
Suppose 24801456 - 7502697 = 57*d. Is d a composite number?
True
Suppose -8*b - 5825 = -3*b. Let y = -2339 + 2345. Is ((-38)/y)/(b/(-195) + -6) composite?
True
Suppose 2*k = i - 336, 4*k - 4*i = -7*i - 652. Let m = k + 2517. Is m a prime number?
True
Suppose -4*c = -5*g - 131049, -6*c - g + 271914 = 75281. Is c prime?
True
Suppose 0 = -3*g - 24, -1702379 = 1968*i - 1973*i + 3*g. Is i prime?
False
Let s be -2*((-25263)/14)/9. Suppose -3251 = -4*u + 3*o, 4*u + 3*o + s = 3670. Is u a prime number?
False
Let u = -67 + 71. Suppose 4 = -6*s + 2*s + 3*c, -u = -4*s + 5*c. Is -5*12/(-30)*(-2374)/s prime?
True
Let s(k) = -6395*k - 28. Let h be s(3). Is (-22)/(-55) - (2 - h/(-5)) composite?
True
Suppose 21*z - 34*z + 76519 + 95900 = 0. Is z prime?
False
Let v(z) = 3*z**3 - 7*z**2 - 51*z + 195. Let q be v(9). Let p be (-2)/(-9) + (-4979)/9. Let c = q - p. Is c prime?
False
Let r(b) = 4*b + 8. Let j be r(-2). Suppose 15*a - 11*a + 20171 = 5*s, 4*s + 3*a - 16112 = j. Is s prime?
False
Let q(m) = -m**2 - 13*m + 8. Let c be q(-14). Let v be (c/3 - 1) + 3. Is 1 + 1 - v - -89 prime?
False
Let j = -9779 - -21138. Is j a composite number?
True
Suppose 0 = r - 3*u - 485159 - 539936, -2*r + 3*u + 2050190 = 0. Is r a composite number?
True
Suppose -3*p + 106002 - 29413 = 5*o, 5*p - 127619 = -o. Is p composite?
False
Let u = -74814 + 135905. Is u a composite number?
False
Is (-8246024)/(-120) - (6/8 - 424/480) a composite number?
True
Let a = -24226 - -56343. Is a prime?
True
Suppose -3*y + 383399 = -4*g, -813093 = -4*y + 5*g - 301894. Is y composite?
True
Suppose 9 = 3*v, 3*u - 560 - 667 = -5*v. Let x be (50 + 1)/((-328)/40 + 8). Let c = u + x. Is c a composite number?
False
Suppose 0 = -4*c + 3*f + 1733782, -16*c - 2*f + 3873575 = -3061469. Is c composite?
True
Let b be 36/(-21)*(-2695)/10. Suppose -1688 - 547 = -5*n + 5*k, n - 4*k = b. Let f = 779 - n. Is f a composite number?
False
Let h be (-18)/(-4)*310/279. Suppose -3*j = 2*b - 3353, 8*b - 5*b - 5032 = -h*j. Is b composite?
False
Let n(v) = -80488*v**3 - 5*v**2 + 10*v + 33. Is n(-2) prime?
False
Suppose -3*v - 14 = c - 474, 3*v + 1795 = 4*c. Is c a prime number?
False
Suppose -9*x + 1 = -8*x. Is (-9)/108*6*(x - 1487) a composite number?
False
Let y be -1*(-1)/(-7) - 1094/(-14). Let j = y - 77. Is 0 - j*(-4 - 367) composite?
True
Let b = 11113 + -14. Is b composite?
True
Suppose 3*u = -4*v - 50004, 2*v - 4*u + 10054 = -14970. Let r = 22697 + v. Is r a composite number?
False
Let k(r) = r**3 - 19*r**2 - 21*r + 15. Let q be k(20). Is (-128)/q + 72/180 prime?
False
Let o = 418 - -247. Suppose 4*x - 4*k = 2760, 5*k = 4*x - 2094 - o. Is x a composite number?
False
Let r(k) = 7*k - 3. Let n be r(2). Suppose -4*s - n + 23 = 0. Suppose s*t = -3*g + 435, -5*g + 0*t + 721 = 3*t. Is g a composite number?
True
Let l(m) = m**2 + m + 1. Let h(q) = -101*q**2 + 10*q - 18. Let j(d) = -h(d) + 2*l(d). Is j(3) prime?
False
Let p(t) = 99*t**3 - 44*t**2 + 136*t + 4. Is p(5) a composite number?
False
Suppose 0 = 3*q - 4*q + 7*g + 156028, -g + 780248 = 5*q. Is q prime?
False
Let x = -12 + 51. Let a be (13/x)/((-19)/(-18) - 1). Suppose 2*r + 2*y = a*y + 1270, 5*r + y = 3175. Is r composite?
True
Let w = 21 + -14. Suppose w*v - 16 = 3*v. Suppose m - v*y = 363, 11*m = 6*m - 3*y + 1907. Is m composite?
False
Suppose 577210337 = 443*q - 12*q + 119474976. Is q a prime number?
True
Let q be -4*3/(-18)*-3. Let d be ((-676)/3)/(16/(-120)). Is -3 - (1 - q)/((-15)/d) a prime number?
False
Suppose 0 = 2*m, 3*o - 10*m + 5*m - 6 = 0. Suppose -15238 = -o*s + 13444. Is s composite?
False
Let j(q) = -1. Let h(n) = 52*n + 43. Let z(w) = h(w) - 2*j(w). Let f(m) = m + 1. Let v(s) = 4*f(s) - z(s). Is v(-13) a prime number?
False
Is (13342692/30)/11*10/4 prime?
True
Let d be 159/2*(-296)/(-6). Suppose 3*b = 5018 + d. Suppose 0*z = -4*z + b. Is z a composite number?
True
Suppose 2*c = 6*c + 2*f + 18, -2*c - 3*f = 11. Is 1 - ((-100534)/28 - (-6)/c) a prime number?
True
Let c be -17598 - (-3 + 4)*1. Let m = c + 11703. Is m/(-12) - 1/3 a composite number?
False
Let h(f) = 